4/(-6) - 7*(-8155)/15. Suppose 0 = -12*w + 11*w + q. Is w a prime number?
False
Is (-2676)/(-72)*1*6 composite?
False
Suppose -21*r + 4924 = -17*r. Let d = r - 416. Is d a composite number?
True
Suppose -5863 = 6*u - 22543. Let l = u + -1797. Is l prime?
True
Let u = -778 - 748. Let v = u - -2625. Is v composite?
True
Let b = -1066 + 449. Let u = b + 997. Is 15/(-10)*u/(-6) a composite number?
True
Let p be -4 + (-1)/((-3)/12). Suppose -4 = -l - p, -4*l = -i + 1122. Let c = -672 + i. Is c a composite number?
True
Let x = -8 - -26. Let w = x + 19. Is w a composite number?
False
Suppose y + y = -x + 4, -38 = -5*x - 4*y. Is 9/5 + -2 + 8892/x a prime number?
False
Let s(u) = 165*u + 2. Let g(z) = 495*z + 6. Let h(d) = 6*g(d) - 17*s(d). Let b be h(1). Is b/2 - (-6)/(-12) composite?
False
Let s(k) = 79*k**2 - k + 13. Suppose -24 = -b + 4*u, 2*u + 7 = 3*b + 3*u. Is s(b) composite?
True
Let o = 58030 - 36181. Is o prime?
False
Let f = 6 - 0. Is 2288/f - 3/9 prime?
False
Let v(g) be the second derivative of -35*g**4/12 - 2*g**3/3 + 3*g**2 + 3*g. Let k be v(2). Let l = 269 + k. Is l prime?
True
Let i(s) = s**3 - 19*s**2 + 20*s + 9. Let r be (12/9)/(-2)*-33. Let a = r + -3. Is i(a) composite?
False
Let q be (-4 + -12)*(-1)/2. Let g(a) = a**3 - a**2 + 7*a + 1. Is g(q) a composite number?
True
Is 16/(-6) + (-4091787)/(-189) a prime number?
True
Let a(v) = 7*v**2 - 1 + 6 + v**2 + 5*v - 5*v**2. Is a(-4) a prime number?
False
Let n = 143 - -90. Is n composite?
False
Suppose -6244 = -4*n - 3*m + 2*m, 2*m = 5*n - 7805. Is n a prime number?
False
Suppose -2*z - 19 = 3. Let y(o) = o**2 - 10*o - 28. Is y(z) composite?
True
Let d = -64 - -186. Let o be (-762)/(-4)*10/15. Suppose -3*r + o = -d. Is r prime?
True
Let c(i) = 10*i**2 - i - 3. Let p be c(3). Suppose -v + 697 = p. Is v prime?
True
Let j(q) be the second derivative of -37*q**6/360 - q**5/120 - q**4 + 4*q. Let k(i) be the third derivative of j(i). Is k(-3) prime?
False
Suppose -2*s + 2*l = -0*l + 930, 0 = -4*s - 3*l - 1832. Let i = s - -750. Is i a prime number?
False
Let o be ((-21)/(-2))/7*-2 + 8. Suppose 2024 = 13*i - o*i. Is i a composite number?
True
Suppose -4*i - 5*f + 18 = 0, -3*i + f + 1 = -3. Suppose -3*x + j + 978 = -2*j, 672 = 2*x + i*j. Is x prime?
True
Is (-143545)/38*28/(-10) a prime number?
False
Let m = 23 + -18. Let c(d) = d**2 - 11*d - 12. Let n be c(12). Suppose -4*b + n*k + 3*k = -198, -3*b + m*k + 143 = 0. Is b a prime number?
False
Let n(s) = -4*s**3 - 2*s**2 + 36*s + 233. Is n(-11) a composite number?
False
Let w = 16321 + 4912. Is w composite?
True
Let j(d) = 2*d**3 - 15*d**2 - 6*d - 21. Is j(10) prime?
True
Suppose -4*r + 2701 = 3*l, 2*l + 5*r + 326 = 2115. Is l composite?
False
Let b = -59 - -62. Is 444 + -3 + (7 - b) a composite number?
True
Let i be (40/(-6))/2*(-12)/10. Suppose 2*n - 1153 = 4*v + 167, i*n + 2*v = 2650. Is n a composite number?
True
Suppose -5*t = 4*t + 9. Is 13964 - 1/(t + 0 + 2) prime?
True
Let f be 1/(4/((-48)/(-4))). Let o = -229 + 399. Suppose c - f*c + o = 0. Is c composite?
True
Suppose -b - 5*p + 0*p + 27039 = 0, 0 = -3*b + 5*p + 81197. Is b prime?
True
Let y = -301 - -812. Is y composite?
True
Let f = 1457 - -112. Let b be ((-2)/(-1))/(6/9). Suppose -f = -3*r + b*o, -r - 4*o + 515 = -o. Is r prime?
True
Let l = -10488 - -28657. Is l a composite number?
False
Suppose 23*s - 78403 = 10*s. Is s a prime number?
False
Let r(a) = 9*a**3 + a**2 + a + 3. Let z be r(3). Suppose 2*u - 158 = -4*g, 4*u = 3*g + z + 91. Is u a prime number?
False
Suppose 3661 + 2587 = m. Suppose -8*p = -0*p - m. Is p prime?
False
Suppose 3*i + 57 = z, -3*i = 2*i + z + 103. Let k = i - -12. Is (-1786)/k - 3/12 prime?
True
Is (11 + -3 + -4)*(-1141)/(-4) composite?
True
Suppose 14 = 2*p + 116. Let b = -163 - -45. Let r = p - b. Is r a composite number?
False
Suppose -3*s + 2*w = -3769, 5*s = -4*w - w + 6315. Is s prime?
True
Suppose -2*g + 26 = -4*g. Is (-30687)/(-39) - 1/g*2 composite?
False
Suppose -3*g + 3*a - 3 = 3, -4 = 5*g - 2*a. Let m(d) = -d - 112. Let p(w) = -w - 111. Let b(q) = 2*m(q) - 3*p(q). Is b(g) composite?
False
Let m = -15753 - -24950. Is m a composite number?
True
Suppose 5*s = 4*v - 89, 2*s = 3*v + 3*s - 43. Suppose -4*g = -0*g - v. Suppose -1451 = -2*j + g*f + 847, -2*f - 8 = 0. Is j composite?
True
Suppose 0*c + 20 = 5*c. Suppose c*y = 922 - 138. Suppose 5*s - 262 = -3*f, 8*s + y = 2*f + 6*s. Is f composite?
True
Let m = -2210 + 36891. Is m a composite number?
True
Suppose 2*r - 2568 = 154. Suppose -4*u + 3*u + r = 0. Is u composite?
False
Let c(v) = v. Let w(b) = 6*b - 1. Let p(y) = -4*c(y) - w(y). Suppose -2*f + 5*a = 9 + 20, -11 = 3*f - a. Is p(f) prime?
False
Suppose -4*b - 5*h = -0*b - 7733, 0 = -5*b - 3*h + 9676. Is b prime?
False
Suppose 24 = 6*v - 9*v. Let n(f) = 14*f**2 + 4*f + 35. Is n(v) a composite number?
True
Suppose r + 4*w = 4759, 4*r - 5*w + w - 19036 = 0. Is r prime?
True
Let m(n) = 2*n**2 - 14*n + 15. Let c be m(10). Is c - 2/8*4 prime?
False
Let k = -2 - 1. Let c = 5 + k. Suppose -s + 4*d = -c*s + 147, -s + 2*d + 123 = 0. Is s composite?
False
Let i(z) = 40*z**3 + 4*z**2 + 7*z. Let n be i(-3). Let a = 2411 + n. Is a prime?
False
Let q(b) = -7*b**2 + 3*b + 612. Let a(n) = 10*n**2 - 4*n - 918. Let p(s) = -5*a(s) - 7*q(s). Let u be p(0). Is ((-4)/(-3))/(12/u) composite?
True
Let a(n) = 2*n**3 + n**2 - 2*n + 1. Let b be a(1). Let d be (18/45)/(b/20). Suppose -3*o = d*z - 141, -z - 153 = -6*z + 4*o. Is z composite?
True
Let s be 0*2/(2 + -6). Suppose -50 = -5*d - 5*y, s = -2*d - 2*d + 3*y + 47. Let j(p) = 58*p - 9. Is j(d) composite?
True
Let f(j) = -j**3 + j**2 + 2*j + 2. Let r be f(0). Suppose r*x = 3*c - 20, -2*c + 0*x - 4*x = -24. Is c - (-7)/(28/8) a composite number?
True
Let v = 158 + -349. Let a = 60 - v. Is a a prime number?
True
Suppose 6*v = n + 3*v - 3, 4*n = 4*v + 28. Let r = -2 + 4. Let m = n + r. Is m a prime number?
True
Let v(h) = 11*h**2 - 20*h - 26. Is v(-17) a prime number?
False
Let z = 515 - 1132. Let b = z + 907. Let n = -99 + b. Is n prime?
True
Suppose s = 5*c - 180970, -1 = s + 4. Is c a prime number?
False
Suppose 40*o - 217154 = 26*o. Is o prime?
True
Suppose -v - v + 5*p + 587 = 0, p = v - 289. Let i = v - 409. Is -2*i/(9/3) composite?
True
Let n = -2 + 4. Suppose 0 = n*f - 4*o - 10, f - 3*o - 15 = -5. Is 135 + f/(20/8) a prime number?
False
Let o(l) = -l**3 - 5*l**2 - 9*l - 6. Let h be o(-3). Suppose s + 1906 = h*s. Is s a composite number?
False
Let z = 4708 + 919. Is z composite?
True
Let h = 10 - 7. Let v be (1 + h)/(1 + 1). Is (5 - -498) + v*-2 a prime number?
True
Let b(v) = v**2 - 5*v - 645. Let d be b(0). Let i = d - -1060. Is i a prime number?
False
Suppose -2*q = 9*d - 4*d - 109581, -3*d - 15 = 0. Is q composite?
True
Suppose -h - 11 = -5*j, j - 4*h - 5 = -h. Suppose 28 = 3*r - 4*v, -j*r + 12 = -2*v - 6. Let z(t) = 13*t + 9. Is z(r) a prime number?
True
Suppose -m + 18 - 5 = -3*o, m - o = 7. Suppose 5*g - 8270 = -b, 3*b - 3295 = -m*g + 2*g. Is g composite?
True
Suppose 6*a + 24 = 4*a. Is (8/a)/((-6)/8001) composite?
True
Let c(a) = 3*a**3 - 7*a**2 + 5*a + 5. Let l(p) = -p**3 - p**2. Let u(d) = c(d) + 5*l(d). Let w(h) = h - 1. Let x be w(-8). Is u(x) a prime number?
False
Suppose -2*h + 4*o + 104 = 0, -2*o + 10 = 3*o. Suppose -h - 274 = -3*y. Suppose p = 3*k - 143, 2*p - y = -2*k - p. Is k prime?
False
Suppose 14 = 3*m + 5*g, 0 = -2*m + g - 5*g + 10. Suppose m*c = -4*c + 931. Is c composite?
True
Let c be (-2)/6 + (-160)/(-3). Let a = -62 - -221. Let s = a - c. Is s a prime number?
False
Let v = -19689 - -28910. Is v composite?
False
Is (-3891)/(180/(-28) + 6) prime?
False
Suppose -6*l + 14 = l. Suppose -8*w = l*w - 73550. Is w prime?
False
Let p(h) = h + 7. Let x be (9/18)/((-2)/24). Let l be p(x). Is ((-2327)/26)/(l/(-10)) a composite number?
True
Is 30 - -1947 - 1*4 a composite number?
False
Suppose -3*o + 14462 = -o. Is o a prime number?
False
Let q(d) = -d**3 - d + 333. Let u be q(0). Suppose 502 = -6*h - 332. Let a = h + u. Is a prime?
False
Suppose 0 = 7*c - 3768 - 3624. Suppose c = 2*l - 718. Is l composite?
False
Let g = 6922 + -1935. Is g a prime number?
True
Let v(c) = -c - 10. Let l(q) = -q**3 - q**2 - q - 7. Let j be l(0). Let p be v(j). Is (p/3)/(1/(-413)) prime?
False
Let v(o) = 34 - 66 + 36 -